base 9) to base 7.
-5035
-1021100 (base 3) to base 10
-927
-2234 (base 6) to base 11
-439
Convert -36359 (base 10) to base 3.
-1211212122
-13144 (base 5) to base 11
-874
Convert 2546 (base 14) to base 6.
50122
107 (base 15) to base 5
1412
Convert 5185 (base 9) to base 15.
11d8
Convert 10110111100 (base 2) to base 15.
67d
Convert 340 (base 9) to base 12.
1b3
-78d (base 15) to base 9
-2307
What is 2c6 (base 13) in base 2?
111110100
Convert -3763 (base 10) to base 6.
-25231
-5882 (base 9) to base 16
-110f
What is -12407 (base 9) in base 2?
-10000010011110
-451 (base 13) to base 6
-3234
2125a (base 11) to base 4
13203020
What is 3ff (base 16) in base 13?
609
2634 (base 16) to base 7
40341
Convert 10656 (base 7) to base 4.
222300
f52 (base 16) to base 2
111101010010
What is -22d (base 15) in base 6?
-2141
What is -1494 (base 13) in base 9?
-4086
Convert -2411 (base 8) to base 10.
-1289
Convert 2587 (base 11) to base 15.
ee2
Convert -25ab (base 14) to base 16.
-19db
What is -1101 (base 7) in base 10?
-393
-ae14 (base 16) to base 14
-12352
What is -2551 (base 7) in base 8?
-1707
-1215 (base 6) to base 2
-100101011
Convert 56b3 (base 14) to base 4.
3223031
What is 276 (base 10) in base 7?
543
-100000100000 (base 2) to base 13
-c40
110100011000 (base 2) to base 3
11121011
-837 (base 11) to base 6
-4400
123033 (base 5) to base 3
20112121
What is -13d (base 15) in base 8?
-433
What is 6b (base 13) in base 11?
81
55 (base 16) to base 5
320
What is 2056 (base 8) in base 16?
42e
Convert -3b1 (base 13) to base 6.
-3003
What is -201222200 (base 3) in base 7?
-60324
What is 3953 (base 14) in base 8?
23525
What is -11102 (base 6) in base 12?
-a92
What is -10021121 (base 3) in base 15?
-a97
What is 8a85 (base 13) in base 4?
10232233
145b (base 14) to base 16
e19
Convert 49569 (base 10) to base 12.
24829
What is 16773 (base 8) in base 9?
11467
What is -221110112 (base 3) in base 6?
-221535
67a (base 15) to base 7
4162
-22925 (base 10) to base 7
-123560
What is 110111101000011 (base 2) in base 10?
28483
What is 1220 (base 6) in base 5?
2200
-13cb (base 14) to base 8
-6667
What is -10200111 (base 3) in base 11?
-2022
796b (base 14) to base 7
115264
What is -268 (base 15) in base 9?
-668
-26a (base 14) to base 9
-600
Convert 35ca (base 16) to base 6.
143430
Convert 7650 (base 11) to base 3.
111212000
2d8b (base 14) to base 12
487b
Convert 3243440 (base 5) to base 8.
155470
What is -101100 (base 4) in base 9?
-1456
1122110 (base 3) to base 6
5320
1000111001011 (base 2) to base 8
10713
Convert -212031 (base 4) to base 5.
-34240
-54510 (base 7) to base 8
-32475
What is -751a (base 12) in base 16?
-3226
What is -2400 (base 6) in base 4?
-21000
-102001000 (base 3) to base 12
-47a6
What is -239 (base 14) in base 13?
-281
What is 1513a (base 12) in base 4?
13031332
What is 8c (base 13) in base 9?
138
What is -1011100101111100 (base 2) in base 8?
-134574
Convert 2263 (base 7) to base 10.
829
What is -16a16 (base 12) in base 14?
-bc1c
Convert 45035 (base 7) to base 6.
124305
-1222020 (base 3) to base 5
-21222
What is 23322 (base 5) in base 3?
2100102
2b35 (base 16) to base 14
4061
Convert 126fe (base 16) to base 5.
4404033
What is 1245 (base 6) in base 7?
632
11066 (base 7) to base 12
1748
Convert 456 (base 9) to base 8.
567
-4035 (base 7) to base 14
-71c
Convert -325 (base 6) to base 5.
-1000
What is -24042 (base 7) in base 12?
-3710
-414 (base 9) to base 4
-11101
-162 (base 8) to base 11
-a4
Convert 30553 (base 6) to base 14.
16cd
What is -5812 (base 9) in base 15?
-141e
What is 16245 (base 14) in base 16?
d825
4200 (base 10) to base 14
1760
-245 (base 10) to base 2
-11110101
What is 186 (base 11) in base 13?
137
17710 (base 11) to base 5
1243231
What is -11210212 (base 3) in base 16?
-db2
-32635 (base 8) to base 4
-3112131
Convert 221 (base 13) to base 2.
101101101
What is -12221233 (base 4) in base 10?
-27247
Convert -19660 (base 12) to base 4.
-21011220
What is -11025 (base 6) in base 15?
-6be
What is 12012212 (base 3) in base 12?
224b
Convert 20201112 (base 3) to base 14.
1b01
-23323 (base 5) to base 12
-ba9
Convert -9b7 (base 12) to base 5.
-21220
-2100012 (base 3) to base 5
-23311
2607 (base 16) to base 8
23007
What is 1556 (base 16) in base 10?
5462
25462 (base 10) to base 4
12031312
3303412 (base 5) to base 3
2212211012
Convert 1111000110101011 (base 2) to base 5.
3434432
20851 (base 9) to base 6
143544
Convert 72475 (base 8) to base 13.
10879
Convert 11444 (base 5) to base 13.
523
Convert -1631 (base 15) to base 13.
-2230
Convert -1a00a (base 11) to base 14.
-a293
9586 (base 11) to base 9
18346
What is -1333 (base 4) in base 7?
-241
What is 111110100011110 (base 2) in base 10?
32030
-753a (base 11) to base 8
-23355
Convert -e26a (base 16) to base 14.
-171a2
Convert 7577 (base 8) to base 7.
14365
What is 2b18 (base 12) in base 8?
11704
-10010001001010 (base 2) to base 5
-244130
-108 (base 9) to base 15
-5e
Convert -1222 (base 6) to base 4.
-10232
201332 (base 4) to base 12
1312
Convert 8896 (base 10) to base 5.
241041
What is -110110000001 (base 2) in base 11?
-2663
What is 2221011201 (base 3) in base 4?
32011312
-1135 (base 12) to base 7
-5402
What is -101042 (base 6) in base 10?
-8018
What is 1302112 (base 4) in base 12?
429a
-bae (base 16) to base 9
-4082
What is 14404 (base 5) in base 3?
1200112
What is -261 (base 11) in base 4?
-10311
Convert -6 (base 11) to base 13.
-6
-17ba (base 14) to base 5
-114110
What is -21102 (base 5) in base 2?
-10101111010
What is -20002 (base 4) in base 13?
-307
-535 (base 6) to base 16
-cb
-2603 (base 10) to base 3
-10120102
What is 4fa (base 16) in base 15?
59e
What is -6887 (base 10) in base 12?
-3b9b
1013 (base 5) to base 14
97
What is 7758 (base 10) in base 6?
55530
1556 (base 10) to base 13
929
b03 (base 12) to base 14
815
-1112121 (base 3) to base 10
-1123
-213342 (base 5) to base 7
-30264
Convert -1a667 (base 11) to base 10.
-28750
What is -164067 (base 8) in base 13?
-2109b
Convert 100052 (base 6) to base 8.
17200
What is -a74 (base 11) in base 8?
-2413
What is 28684 (base 10) in base 16?
700c
What is 352 (base 14) in base 15?
2e0
What is -11340 (base 6) in base 10?
-1644
Convert 66441 (base 8) to base 16.
6d21
-45303 (base 11) to base 8
-200061
What is -644 (base 8) in base 16?
-1a4
32180 (base 12) to base 7
363066
226 (base 13) to base 10
370
What is 14398 (base 11) in base 6?
234335
683 (base 11) to base 15
397
Convert -1010111111010 (base 2) to base 12.
-330a
4d8 (base 14) to base 12
692
What is -291 (base 14) in base 3?
-201020
-124 (base 9) to base 11
-94
What is 51 (base 8) in base 2?
101001
What is 1220 (base 7) in base 11?
384
100011010 (base 2) to base 12
1b6
What is -11375 (base 10) in base 11?
-8601
Convert a23 (base 13) to base 14.
8ab
Convert -73f0 (base 16) to base 7.
-152350
-1a38 (base 12) to base 10
-3212
What is 4564 (base 8) in base 12?
1498
Convert -1110111111 (base 2) to base 10.
-959
Convert -184 (base 9) to base 8.
-235
What is -563 (base 9) in base 5?
-3322
Convert -9463 (base 12) to base 14.
-5c95
-1020121211 (base 3) to base 15
-73e1
Convert -94 (base 14) to base 12.
-aa
-8736 (base 11) to base 6
-125222
What is -115 (base 11) in base 14?
-9b
-276 (base 8) to base 11
-163
Convert 2d4 (base 15) to base 2.
1010001001
What is 420 (base 6) in base 15?
a6
5ab6 (base 15) to base 11
13552
What is 11111020 (base 3) in base 13?
164a
Convert 2110020 (base 3) to base 6.
12140
-1236 (base 8) to base 11
-55a
Convert 25824 (base 9) to base 4.
10100131
1111001 (base 3) to base 4
100321
What is -1202031 (base 4) in base 9?
-8553
What is 2141 (base 6) in base 10?
493
What is -44771 (base 8) in base 10?
-18937
Convert -4653a (base 11) to base 14.
-1a6bc
What is 16043 (base 9) in base 5?
322344
Convert -427 (base 12) to base 8.
-1137
Convert 3505 (base 8) to base 5.
24421
What is -223a (base 15) in base 9?
-10851
What is -5453 (base 7) in base 4?
-132131
What is -2179 (base 13) in base 15?
-15ad
55461 (base 7) to base 14
5131
What is -32653 (base 8) in base 12?
-7b4b
What is -20551 (base 6) in base 10?
-2803
What is 1231003 (base 4) in base 6?
52151
Convert -635 (base 11) to base 10.
-764
-18992 (base 11) to base 7
-140125
Convert 48c (base 14) to base 16.
38c
-11101100110 (base 2) to base 5
-30034
What is 236